 (10 + (-1 - (-1 - -2)) + -1).
-80
What is the value of 1 + -2 - -8 - (12 + (17 - 10) - -29)?
-41
What is the value of 0 + 28 - ((-38 - 0) + (-98 - -125))?
39
What is 1 + 1 + 8 - (6436 + -6437) - (89 - 2)?
-76
What is -18 + (-17 + 0 - (389 + -419))?
-5
Evaluate (-6 + 16 - 5) + 54 + (7 - 2) + -2.
62
Calculate 30 + -7 - ((102 - 37) + -63).
21
What is -1 + 14 + (-13 + -6 + 44 - 37)?
1
Calculate 28 + 2 + -2 + (-371 - -189 - -195).
41
(-17 + 0 - (20 + 26 + -51)) + -20
-32
Evaluate -62 - (-13 - 4 - 14).
-31
Evaluate (-45 - 0) + 0 - (-181 + 0 - -171).
-35
What is 23 - (13 + -25 - -18 - 23)?
40
Evaluate -64 - (-42 + 31 - 113).
60
What is -9 + (-17 - -95) + -112?
-43
-74 + ((57 - 29) + -13 - -15)
-44
What is the value of (3 - 0) + (27 + (43 - 53) - 18)?
2
Calculate (-5 - 0) + (-1 - 0) + 1143 + -1216.
-79
Evaluate 1367 + -1348 - (-1 + 7) - 26.
-13
What is the value of -21 + 8 + (6 - (-7 + -10))?
10
Evaluate 1 + (-2 - -17) + -9 + -85 + 16.
-62
Calculate 102 - (-43 - (-8 + -61)).
76
Evaluate (12 - -119) + -136 + -26 + (-2 - -1) + 0.
-32
0 + 3 - (31 - (-27 + 15 + -18))
-58
What is 6 - ((-8 - ((-19 - -17) + -17)) + -16)?
11
What is 3 + 1 - (-22 - -38) - -5 - -13?
6
What is 54 + (13 - 1) + 16?
82
(29 - (13 - 0)) + (-76 + 5 - -19)
-36
Calculate 1 + 1 + (-107 + 0 - ((1 - 6) + 3)).
-103
(36 - (-11 + 14)) + -11 + 15 + 5
42
What is -9 - ((163 - 207) + -1 + -3)?
39
(-8 - -3 - (-24 + -12 + 1 + 2)) + 13
41
0 - -51 - (39 + 36 + -46)
22
-112 - (-43 + -85) - 57
-41
What is 42 - (45 - 22 - -43)?
-24
-1 - 6 - (16 + -14 + 6)
-15
What is the value of (-90 - -124 - 3) + 1 + -12?
20
Calculate -203 - -326 - (1 - -43).
79
Evaluate 1 + 0 + (11 - 6) + -9 + (10 - 8).
-1
Evaluate (-26 - -7 - -24) + (-9 - 9).
-13
What is the value of -2 + 0 + 31 + (-1 + 6 - (6032 + -6036))?
38
Evaluate (-8 - -17) + -25 + 2 + (-213 - -229).
2
What is the value of -88 + 2 - (-6062 - -5941)?
35
Evaluate 2 + (-14 - 0) + (-110 - -112) + -25.
-35
What is -7 + -6 + -34 - -65?
18
Calculate (-12 + 20 - (0 - -3)) + (15 - -2).
22
What is the value of 27 + 12 + (-10 - 0) - (-2 - -14)?
17
Evaluate (-75 - (65 - 225)) + -120.
-35
What is the value of 235 - (-54 - -81 - -88)?
120
What is the value of 3 + (-71 - 2) + 65?
-5
What is -70 + (55 - -13) - (2 + 3)?
-7
(-25 + 133 - 39) + -36 + 11
44
What is the value of 958 - 956 - (-6 - -1)?
7
What is the value of 17 + -84 - (-88 - -30 - -25)?
-34
What is the value of (-16 - (-25 - (11 + -24))) + -48?
-52
What is 24 + -8 + (4 - 6) - 19?
-5
What is the value of 28 + 76 - 126 - 18?
-40
Calculate 34 + (-278 - -277 - (25 - -4)).
4
-36 + -47 + (112 - 10)
19
Calculate 5 + -9 + 5 + 1 + -24 + (-15 - -23).
-14
Evaluate (4 - -5 - -6) + (-4 + 14 + -9 - 2).
14
Calculate -118 - -95 - (-49 + 0).
26
What is the value of -40 + 39 + 61 + -88?
-28
-974 - -984 - (-1 - 0)
11
What is (79 + -147 - -43) + (-33 - 0)?
-58
Calculate -8 - (3 + (16 - 58) - (-1 + 0)).
30
Calculate 13 + (15 - 31 - -13 - (1 - 5)).
14
What is (-12 - (42 + -8)) + 101?
55
What is (-70 - -107 - 12) + 0 + -10 - 35?
-20
-67 - -46 - 22 - 13
-56
What is 14 + -16 - 8 - (4 + -5 - (-79 + -32))?
-120
Evaluate (-40 + 99 - 96) + 104.
67
-107 + -9 + (-20 - (2 + 20 - 64))
-94
Evaluate (0 + 0 - (3 - 16) - -1) + 27935 + -27970.
-21
Evaluate -101 + -75 + 144 - -67.
35
(-183 - -84) + 88 + 3 + -1 + (32 - 0)
23
Evaluate 70 + (-13 - -7) + 65 + -2 + (0 - -13).
140
What is the value of -13 - (43 - (-13 + (19 - 0) + 10))?
-40
What is -6 - (-2 + -3 + (-68 - 5) + 6 + 6)?
60
Evaluate (132 + -72 - -36) + -111.
-15
Evaluate -866 - -1007 - (8 - -91).
42
Evaluate -6 + 8 - (2 + 1 + 1 - 7).
5
What is -27 - (-27 + 4) - (4 + 0 + -1)?
-7
What is the value of -18 + (136 - (27 - -84))?
7
What is the value of (-5 - 108 - -21) + 30 + (-9 - -2)?
-69
Evaluate (1 + -1 - 16) + 1676 + -1736.
-76
What is the value of (-3938 - -4031) + -85 + 1?
9
What is -14 + 8 + 15 + -4 + -2 + -3?
0
Evaluate 122 - (15 + -34 + 23 + 30).
88
Calculate 52 + (-90 - (33 + -56)).
-15
What is -207 - -212 - ((1 - -6) + (-1 - 61))?
60
What is the value of -3 + -72 + 26 + -60 + 36 + 7?
-66
Evaluate 59 - -1 - (26 + -30 - (-14 + 15)) - 1.
64
What is the value of (-33 - -24) + 4 + (-7 - -1 - -29)?
18
-12 + 5 + (-33 - -88 - (-2 - -10))
40
-19 - ((26 - -3) + -4 + -92)
48
What is the value of -53 + -2 + (38 - (113 + -59))?
-71
What is (-22 + -4 - -4) + -156 + 139?
-39
(10 - 1) + (12 - (-1 + 0)) + (-327 - -336)
31
Evaluate (-5 - 0) + 6 + (220 - 233).
-12
What is (-1 - 7) + (-65 - (1 + -32))?
-42
Evaluate -16 - (-4 + -10 - 24) - 37.
-15
Calculate 80 + -45 + -57 + 142.
120
-49 - (-13 - (2 + 1)) - 27
-60
What is the value of 9 + (-685 + 714 - (-1 - -17))?
22
Calculate -1 - -25 - (-19 + -8 + 17 + 9 + -4).
29
Calculate 20 - (-37 - (-136 - -23) - 30).
-26
What is 73 + -27 + (-22 - 4)?
20
Evaluate (12 - (3 - -39)) + (-2 - -9 - 0).
-23
-116 + 111 - (2 + 4) - -26 - 2
13
What is the value of 1 - (-102 - ((5 - -6) + -25 - -6))?
95
Calculate 83 + (-99 - 161) - -58.
-119
What is (7 - 10 - -21) + 0 - -24?
42
What is -13 + -4 + 7 + 29 + -62?
-43
What is the value of 63 - (5 + -24 + 56)?
26
What is (16 - -1 - (-3 + 4 - 2)) + 48?
66
Evaluate 4 - (153 - 163 - (-88 - (-2 - 4))).
-68
What is 34 + (50 - 4 - 59)?
21
What is the value of (-1 - (0 + 1) - 22) + (809 - 805)?
-20
Calculate 511 + -507 + (2 + 1 - (-43 - 1)).
51
Evaluate 42 - (21 + -7 - -63).
-35
Evaluate 3 + (238 + -240 - (-1 - 17)).
19
Calculate -5 - (22 + -32) - (4 + (-1 - (0 - 4))).
-2
-11 + ((10 - (2 - 54)) + 16 - -6)
73
Evaluate (16 - -10 - (-32 + 33)) + 17.
42
Calculate ((22 - 18 - 22) + 14 - 29) + 1 + -10.
-42
Evaluate 27 + -50 - -3 - (26 + -185).
139
-15 - 18 - (-140 + 64)
43
What is the value of (3 - (-2 + 2)) + (-30 - (-1 + 25)) + 21?
-30
-6 - (68 - (-17 - -24 - 29))
-96
What is the value of 112 + (3 + (1 - -6) - 54)?
68
Calculate 3587 - 3775 - (0 - 57).
-131
What is the value of (51 - 29) + -37 + 73 + -8?
50
Calculate -24 + (3 - (16 + -26)) + -16.
-27
What is the value of (1 - (-9 + 5)) + 4 - ((-3 - 6) + 0)?
18
What is (8 + 13 - 0) + -27 + -6 - (1 + 95)?
-108
Calculate -121 + 112 - (-9 + -18).
18
What is -2 + (2 - -2) + (-83 - -10) + 28?
-43
Calculate 23 - (-20 - (18 - (-2 + 34))).
29
Calculate 938 + -940 + -34 + -3 + 90.
51
Evaluate 14 - 1 - (-55 + (22 - 32)).
78
Evaluate -273 + 278 + (-56 - -6).
-45
What is -83 + 95 + (6 - (2 - -5)) + -6?
5
Calculate 26475 + -26483 - (-2 - (-2 - -2) - (-80 - -1)).
-85
What is 20 + (-43 - -43) + 5 + -13?
12
0 + (-8 + 83 - -19) + 3 + 4 + -21
80
Evaluate 10 - ((24 - -11) + 20).
-45
17 - (1 - (-6 - 22))
-12
Calculate 0 - (-9 - (-36 + 1 + (-78 - -88))).
-16
-19 + (8 - -67 - (59 + -39))
36
What is -58 + (58 - -34) + (-2 - -86)?
118
-11 + 3 + (87 + -108 - (-17 + (6 - 2)))
-16
Calculate 312 + -145 + -163 - (2 + -2 + -1 + -54).
59
Evaluate (-5 + 7 - (0 + -3)) + -31 + 47 + -21.
0
What is the value of (0 + -6 - (70 + 31 + -85)) + 81?
59
23 - (0 + -19 + (-16 - -2) + 27)
29
What is the value of -20 + 0 - (10 - (-55 + 63 + 17))?
-5
What is the value of (-3 - 1 - (2 - (-26 - 13))) + 10?
-35
What is 18 - (65 + -8 - 59)?
20
What is the value of 57 - (-38 - -54) - (-1 - (2 - 3 - 1))?
40
What is the value of 66 + (-221 - -162 - 67)?
-60
What is the value of -176 - -125 - (-79 + 15)?
13
What is 132 - 144 - -23 - (0 - -35)?
-24
Evaluate 239 + -258 + (18 - 1) + 5.
3
Evaluate 25 + (-26 - (-77 - -25)).
51
What is -41 + (-89 - 17 - -168)?
21
-180 + 70 - -278 - 40
128
Evaluate (205 + -40 - 237) + 1 + 5.
-66
Calculate 14 + -3 + -1 + -14 + -26 + (6 - 1).
-25
Evaluate (59 + 66 - 65) + 1.
61
What is the value of 34 - (4 + 104 + 15 + -31)?
-58
38 + -18 + (21 - (1 + 23))
17
What is -3841 - -3915 - (21 + 0)?
53
What is the value of 18 - (-92 + (-43 - -120))?
33
What is 2 + (11 - 2) + 4 + -9 + 0 - -12?
18
What is the value of 0 + -11 - ((1 - 11) + (-1 - -3)) - 24?
-27
What is the value of -49 - (-101 - 61 - -82)?
31
What is (-8 + 8 - (-1 + 31)) + (-44 - (-36 - 12))?
-26
Calculate 40 + 3 + -1 + 3 - (-5 - (17 + -31)).
36
What is the value of 12 + -22 + 8 + (6 - 0) + -6?
-2
What is 5 + 0 + -74 + (197 - 105)?
23
(-108 - (120 + -131)) + 220
123
Evaluate 21 + -19 + -45 + 8 + -2 + -7.
-44
Calculate -46 + (32 - (54 - -2)) + 7.
-63
What is -11 - (-111 - 7) - (-10 - -8 - 7)?
116
Calculate -52 - ((-8 - -2) + (-11 - (-20 + 12)) - -5).
-48
-46 + 71 + -54 